s the units digit of d(18)?
9
Let o(w) = 3*w**3 - 5*w**2 + 26*w + 28. What is the tens digit of o(9)?
4
Suppose 4*d - y = 37675 + 122821, -2*d - 4*y = -80212. What is the thousands digit of d?
0
Let f(i) = -10*i**3 + 11*i**2 - 12*i + 29. What is the thousands digit of f(-10)?
1
What is the units digit of 80*((-8)/(-22))/((-212)/1166)*-394?
0
Let o(k) = 605*k + 303. What is the hundreds digit of o(12)?
5
Let c = -30 + 36. Suppose -c*p - 846 = -4656. Let n = p + -422. What is the tens digit of n?
1
Suppose -4*j - 3*w + 10805 = 0, 27 = -18*w + 15*w. What is the units digit of j?
8
Let i(k) = 982*k + 10356. What is the units digit of i(0)?
6
Let y = -405 - -407. Suppose 4*t = -y*n + 1158, -8*n + 9*n - t - 591 = 0. What is the units digit of n?
7
Let p = 492 + -489. Suppose 5*k = -p - 2, r - 1125 = -3*k. What is the units digit of r?
8
Let w(y) be the second derivative of y**3/2 + 67*y**2 - y. What is the units digit of w(-38)?
0
Suppose -298683 = -111*f + 90*f. What is the hundreds digit of f?
2
Suppose -2*o + 18 = -11*o. Let c be o - (3 + 12/(-4)). What is the tens digit of (4 + (-115)/25)/(c/50)?
1
Suppose 0 = 2*t - 3*k - 50441, 6*k - 5 = 7*k. What is the tens digit of t?
1
Let r = 33451 + -21430. What is the ten thousands digit of r?
1
Suppose -19*a + 194365 + 21494 = 0. What is the units digit of a?
1
Suppose t - 62 + 13 = 0. Let n = -47 + t. Suppose -g + 160 + 140 = n*r, -292 = -2*r + 3*g. What is the tens digit of r?
4
What is the thousands digit of (3277 - 4) + (-18)/2?
3
Let y(g) = -2*g + 18. Let n be y(11). Let l be 1*(-7 - (n + 2)). What is the units digit of (l - -4)*-7*10?
0
Let x(b) = 1111*b + 145. What is the tens digit of x(5)?
0
Let c be (-1 - 11/(-1))*(-4)/(-40). What is the units digit of (-25947)/(-372) - ((-2)/8)/c?
0
Let v(g) be the first derivative of -17*g**3/2 + 3*g**2/2 + 18*g + 32. Let o(m) be the first derivative of v(m). What is the hundreds digit of o(-4)?
2
Suppose 0 = 2*v + 3*l - 20730, -4*l + 51818 = 6*v - v. Suppose -12*z - v = -23*z. What is the tens digit of z?
4
Let i(b) = -188*b**2 + 647*b. What is the units digit of i(3)?
9
Let a(y) = 15*y + 92. Let x be a(-6). Suppose x*z - 3*u - 187 = 0, 5*z - 3*u = -0*z + 463. What is the tens digit of z?
9
Suppose 18 + 0 = 2*d + 4*b, -3*d - 2*b + 27 = 0. Suppose 0 = -2*l + 8, 3*z - 271 = d*l - 4*l. What is the tens digit of z?
9
Suppose 0 = 2*k + k - 3*r + 48, -16 = -4*r. Let q(f) = -27*f - 71. What is the tens digit of q(k)?
5
Let l(k) = 2*k**2 - 29*k - 15. Let d be l(15). Suppose d = 5*w - 1006 - 3309. What is the units digit of w?
3
Suppose -423 = -13*g + 513. Let c = g - -267. What is the units digit of c?
9
Let g(c) = c**3 - 4*c**2 - 62*c - 292. What is the tens digit of g(24)?
4
Suppose -6*a + 1605 = -a. Let n = 1197 - 1192. Suppose a = 5*m - 3*i, 317 = n*m - 2*i + i. What is the units digit of m?
3
Let k = 16664 + -9606. What is the thousands digit of k?
7
Let t = 11600 + 11950. What is the hundreds digit of t?
5
Let v = 19150 - 8330. What is the tens digit of v?
2
Let a(r) be the second derivative of 5*r**4/3 + r**3/3 - 3*r**2 - r + 9. What is the tens digit of a(2)?
7
What is the thousands digit of 29649*6/72*((-16)/(-4) + 0)?
9
Suppose 6*f - 3 = 5*f. Suppose f*j + 3*x - 489 = 0, -5*j + 3*x = -3*j - 351. Suppose 0 = 5*l - j - 277. What is the tens digit of l?
8
Let c = 16839 - 6677. What is the tens digit of c?
6
Let c(g) be the second derivative of g**4/12 + 2*g**3 - 34*g. Let b be c(-12). Suppose b*t + 1412 = 5*t - 4*p, -4*p = -t + 276. What is the hundreds digit of t?
2
Let g(p) = 2*p - 31. Let f be g(17). Suppose 2*o = o + f*w + 19, -9 = -3*o - 3*w. Suppose 10*r - 135 = o*r. What is the tens digit of r?
4
Suppose 7*k - 41650 = -5*y + 2*k, 3*k - 33318 = -4*y. Suppose -9*u - 15*u + y = 0. What is the units digit of u?
7
Let a(d) = -d**2 + 13*d - 7. Let q be a(12). Suppose -4*o - 3*c + 3277 = 675, -4*c + 3252 = q*o. What is the tens digit of o?
5
Let j(i) = 38*i + 154. Suppose -54*q + n = -49*q - 52, -q - 2*n + 6 = 0. What is the units digit of j(q)?
4
Let g(j) = -3*j + 515. What is the tens digit of g(42)?
8
Let t(g) = 22*g + 72. Let m be t(22). Let d = m - 292. What is the hundreds digit of d?
2
Suppose -3*o + 92856 = -258*q + 261*q, -5*o - 92792 = -3*q. What is the ten thousands digit of q?
3
Let n be (1/(-3))/(1/(-6)). Suppose 5*k + 2*v - 8 = 0, 5*k - n*v + 5 - 17 = 0. Suppose b = 4*l + 4, b = k*b + l - 19. What is the tens digit of b?
1
Let j = -4513 - -9796. What is the thousands digit of j?
5
Let c(d) = -1622*d - 3565. What is the tens digit of c(-5)?
4
Let b = 15 - 22. What is the tens digit of -7 - b - 6 - -307?
0
Suppose 7*g + 91647 + 107853 = 91*g. What is the hundreds digit of g?
3
Let c(g) = g + 5. Let z be c(0). Let a(y) = -2*y + 15. Let q be a(z). Suppose s = q*s - 3*i - 44, s + 3*i - 26 = 0. What is the units digit of s?
4
Let j(h) be the third derivative of 11*h**4/24 + 13*h**2. Let f be j(-4). Let w = f + 82. What is the tens digit of w?
3
Suppose -30*p + 41*p + 35*p = 155572. What is the hundreds digit of p?
3
Let v(n) = 53*n + 2. Let m be v(2). Let q be (13/2)/(18/m). Suppose -2*k + 61 + q = 5*s, -5*s - 20 = -k. What is the tens digit of k?
4
Suppose 10*t = 379 - 329. Suppose -4*m - t*u + 1041 = 0, -5*m + 0*u = -u - 1323. What is the hundreds digit of m?
2
Let x = -13 - -45. Let r = -29 + x. Suppose r*s - 103 - 26 = 0. What is the units digit of s?
3
Let k(t) be the first derivative of -t**4/6 + 31*t**3/6 + 5*t**2 + 25. Let h(r) be the second derivative of k(r). What is the units digit of h(7)?
3
Suppose 7*c - 265057 + 14604 = 0. What is the units digit of c?
9
Suppose 0 = -3*w - 222*c + 225*c + 235245, -5*c - 235259 = -3*w. What is the tens digit of w?
0
Let s(c) = 11*c**2 + 6*c - 5. Let j = -58 - -53. Let b be s(j). Suppose -z - 192 = -5*z - 3*d, b = 5*z + d. What is the tens digit of z?
4
Suppose -20 = -3*n - 2. Let s(m) = 7*m - 35. What is the units digit of s(n)?
7
Let k(u) = -u**3 - 2*u**2 + 14*u - 5. Let d be k(-5). What is the units digit of d - 21110/(-20) - 6/(-4)?
7
Suppose 4*z = 3*b - 8237, -z = 2*b - 1707 - 3777. What is the units digit of b?
3
Let i be 9/(-4 - (-1258)/316). Let r = i + 695. What is the units digit of r?
1
Suppose -254*b + 6210318 = 2824175 - 3898323. What is the units digit of b?
9
Let i(u) be the first derivative of 19*u**2/2 + 7*u - 2. Let m(v) = -58*v - 20. Let r(d) = -14*i(d) - 4*m(d). What is the hundreds digit of r(-4)?
1
Let a be -18*(-1 + 8/(-16)). What is the units digit of (37485/a)/17*(2 - -1)?
5
Suppose -15*s + 49732 = 16762. What is the hundreds digit of s?
1
Let d(k) = -73 - 60*k - 28*k - 13*k. What is the tens digit of d(-4)?
3
Let r be (1 + (-28)/(-2))*5/(-15). What is the hundreds digit of (0 + (-6)/r)/((-10)/(-3025))?
3
Let y(j) = 350*j**2 + 51*j - 226. What is the hundreds digit of y(4)?
5
Let l be 9/(-1) + 12 + 3. Let z(b) = 3*b**3 + 10*b**2 - 12*b - 4. What is the hundreds digit of z(l)?
9
Suppose 13371 + 18661 = 91*s. What is the hundreds digit of s?
3
Suppose -q + 99 = b - 129, q = 3*b - 700. What is the hundreds digit of b?
2
Let y(w) = -16*w + 28. Let d be y(2). What is the hundreds digit of 504949/645 - d/30?
7
Let x be (-13857)/(-27) + 8/(-36). Let m = x - 235. What is the tens digit of m?
7
Suppose 0 = -3*o - 5*d + 8*d - 1701, -4*o + 6*d = 2262. Let h = o + 1609. What is the hundreds digit of h?
0
Let n be -2*((-165)/6)/5*1. Let g be 6/(-1)*n/(-22). Suppose 45 = g*x + 2*p, -27 - 73 = -5*x + 5*p. What is the tens digit of x?
1
Suppose 0 = 6*g - 329636 - 103132. Suppose -12*k + g = 44*k. What is the tens digit of k?
8
Suppose 97774 + 25943 + 64403 = 40*f. What is the thousands digit of f?
4
What is the units digit of ((-222)/(-777))/(6/165291)?
1
Suppose 3*t = -15*w + 17*w + 71, -20 = -4*w. Suppose 0 = -68*s + t*s + 20910. What is the units digit of s?
0
Suppose 0 = 3*k + 26*k - 7801. Let d(o) = 21*o**3 - 3*o**2 - 2*o - 1. Let x be d(-2). Let g = x + k. What is the tens digit of g?
9
Let y(v) = -785*v + 304. What is the tens digit of y(-11)?
3
Suppose 31 = -5*c - 29. What is the hundreds digit of (-2445)/6*24/c?
8
Let y be (-17 - -7) + 13 - -5. Suppose -4*j = -0*j - 188. Suppose -f - 2*s + j - 4 = 0, y = -4*s. What is the tens digit of f?
4
Suppose 6*q - 4 = 5*q. Suppose 23 + 157 = 